{"version":"1.0","provider_name":"103.9 fm","provider_url":"https:\/\/ondauno.com.ar","title":"Esteban Juli\u00e1n y Sergio Pessina ma\u00f1ana en el Centro Cultural La Casona - 103.9 fm","type":"rich","width":600,"height":338,"html":"<blockquote class=\"wp-embedded-content\" data-secret=\"Rpi2kyx6hM\"><a href=\"https:\/\/ondauno.com.ar\/index.php\/2020\/01\/15\/esteban-julian-y-sergio-pessina-manana-en-quelaromeco\/\">Esteban Juli\u00e1n y Sergio Pessina ma\u00f1ana en el Centro Cultural La Casona<\/a><\/blockquote><iframe sandbox=\"allow-scripts\" security=\"restricted\" src=\"https:\/\/ondauno.com.ar\/index.php\/2020\/01\/15\/esteban-julian-y-sergio-pessina-manana-en-quelaromeco\/embed\/#?secret=Rpi2kyx6hM\" width=\"600\" height=\"338\" title=\"&#8220;Esteban Juli\u00e1n y Sergio Pessina ma\u00f1ana en el Centro Cultural La Casona&#8221; &#8212; 103.9 fm\" data-secret=\"Rpi2kyx6hM\" frameborder=\"0\" marginwidth=\"0\" marginheight=\"0\" scrolling=\"no\" class=\"wp-embedded-content\"><\/iframe><script type=\"text\/javascript\">\n\/* <![CDATA[ *\/\n\/*! This file is auto-generated *\/\n!function(d,l){\"use strict\";l.querySelector&&d.addEventListener&&\"undefined\"!=typeof URL&&(d.wp=d.wp||{},d.wp.receiveEmbedMessage||(d.wp.receiveEmbedMessage=function(e){var t=e.data;if((t||t.secret||t.message||t.value)&&!\/[^a-zA-Z0-9]\/.test(t.secret)){for(var s,r,n,a=l.querySelectorAll('iframe[data-secret=\"'+t.secret+'\"]'),o=l.querySelectorAll('blockquote[data-secret=\"'+t.secret+'\"]'),c=new RegExp(\"^https?:$\",\"i\"),i=0;i<o.length;i++)o[i].style.display=\"none\";for(i=0;i<a.length;i++)s=a[i],e.source===s.contentWindow&&(s.removeAttribute(\"style\"),\"height\"===t.message?(1e3<(r=parseInt(t.value,10))?r=1e3:~~r<200&&(r=200),s.height=r):\"link\"===t.message&&(r=new URL(s.getAttribute(\"src\")),n=new URL(t.value),c.test(n.protocol))&&n.host===r.host&&l.activeElement===s&&(d.top.location.href=t.value))}},d.addEventListener(\"message\",d.wp.receiveEmbedMessage,!1),l.addEventListener(\"DOMContentLoaded\",function(){for(var e,t,s=l.querySelectorAll(\"iframe.wp-embedded-content\"),r=0;r<s.length;r++)(t=(e=s[r]).getAttribute(\"data-secret\"))||(t=Math.random().toString(36).substring(2,12),e.src+=\"#?secret=\"+t,e.setAttribute(\"data-secret\",t)),e.contentWindow.postMessage({message:\"ready\",secret:t},\"*\")},!1)))}(window,document);\n\/* ]]> *\/\n<\/script>\n","description":"Este jueves en el Centro Cultural La Casona el d\u00fao integrado por Esteban Juli\u00e1n en voz y Sergio Pessina en guitarra, con su show de tango Los dos extraordinarios artistas, unidos por una misma pasi\u00f3n tanguera presentar\u00e1n un repertorio que los representa, la m\u00fasica ciudadana en este Verano 2020 en La Casona. El artista local [&hellip;]","thumbnail_url":"https:\/\/ondauno.com.ar\/wp-content\/uploads\/2020\/01\/WhatsApp-Image-2020-01-15-at-19.43.39.jpeg","thumbnail_width":1032,"thumbnail_height":581}

Esteban Julián y Sergio Pessina mañana en el Centro Cultural La Casona - 103.9 fm

<blockquote class="wp-embedded-content" data-secret="Rpi2kyx6hM"><a href="https://ondauno.com.ar/index.php/2020/01/15/esteban-julian-y-sergio-pessina-manana-en-quelaromeco/">Esteban Julián y Sergio Pessina mañana en el Centro Cultural La Casona</a></blockquote><iframe sandbox="allow-scripts" security="restricted" src="https://ondauno.com.ar/index.php/2020/01/15/esteban-julian-y-sergio-pessina-manana-en-quelaromeco/embed/#?secret=Rpi2kyx6hM" width="600" height="338" title="&#8220;Esteban Julián y Sergio Pessina mañana en el Centro Cultural La Casona&#8221; &#8212; 103.9 fm" data-secret="Rpi2kyx6hM" frameborder="0" marginwidth="0" marginheight="0" scrolling="no" class="wp-embedded-content"></iframe><script type="text/javascript">
/* <![CDATA[ */
/*! This file is auto-generated */
!function(d,l){"use strict";l.querySelector&&d.addEventListener&&"undefined"!=typeof URL&&(d.wp=d.wp||{},d.wp.receiveEmbedMessage||(d.wp.receiveEmbedMessage=function(e){var t=e.data;if((t||t.secret||t.message||t.value)&&!/[^a-zA-Z0-9]/.test(t.secret)){for(var s,r,n,a=l.querySelectorAll('iframe[data-secret="'+t.secret+'"]'),o=l.querySelectorAll('blockquote[data-secret="'+t.secret+'"]'),c=new RegExp("^https?:$","i"),i=0;i<o.length;i++)o[i].style.display="none";for(i=0;i<a.length;i++)s=a[i],e.source===s.contentWindow&&(s.removeAttribute("style"),"height"===t.message?(1e3<(r=parseInt(t.value,10))?r=1e3:~~r<200&&(r=200),s.height=r):"link"===t.message&&(r=new URL(s.getAttribute("src")),n=new URL(t.value),c.test(n.protocol))&&n.host===r.host&&l.activeElement===s&&(d.top.location.href=t.value))}},d.addEventListener("message",d.wp.receiveEmbedMessage,!1),l.addEventListener("DOMContentLoaded",function(){for(var e,t,s=l.querySelectorAll("iframe.wp-embedded-content"),r=0;r<s.length;r++)(t=(e=s[r]).getAttribute("data-secret"))||(t=Math.random().toString(36).substring(2,12),e.src+="#?secret="+t,e.setAttribute("data-secret",t)),e.contentWindow.postMessage({message:"ready",secret:t},"*")},!1)))}(window,document);
/* ]]> */
</script>

Este jueves en el Centro Cultural La Casona el dúo integrado por Esteban Julián en voz y Sergio Pessina en guitarra, con su show de tango Los dos extraordinarios artistas, unidos por una misma pasión tanguera presentarán un repertorio que los representa, la música ciudadana en este Verano 2020 en La Casona. El artista local [&hellip;]
